 - 561. Determine d(21).
216
Let a(s) = s**3 + 15*s**2 - 71*s + 53. Give a(3).
2
Let i(p) = p**2 + 16*p - 480. What is i(17)?
81
Let w(s) = -s**2 + 4*s + 21. Calculate w(14).
-119
Let n(j) = 7*j**3 - 72*j + 72. Calculate n(1).
7
Let p(c) = -3*c**2 + 63*c - 56. What is p(20)?
4
Let n(t) = -4252*t + 4245. What is n(1)?
-7
Let h(l) = -3*l**3 + 97*l**2 + 60*l + 171. Determine h(33).
-27
Let t(f) = 2*f**2 + 74*f + 216. What is t(-33)?
-48
Let j(m) = 21*m + 619. Give j(-29).
10
Let h(i) = -i**3 - 4*i**2 - 17*i - 67. Give h(-7).
199
Let y(q) = 16*q + 588. Determine y(-39).
-36
Let m(o) = -o**3 - 17*o**2 + 55*o + 1121. Calculate m(-16).
-15
Let b(v) = v**2 + 234*v + 7756. What is b(-40)?
-4
Let b(t) = 943*t**2 + 4715*t + 1. Determine b(-5).
1
Let t(y) = y**2 + 1774*y - 50450. Calculate t(28).
6
Let h(x) = -17*x**2 + 876*x + 413. Calculate h(52).
-3
Let d(w) = 8600*w - 42997. Calculate d(5).
3
Let n(a) = 30*a - 1739. Determine n(58).
1
Let c(l) = l**2 - 17*l + 60. Determine c(6).
-6
Let w(g) = 13*g**2 - 121*g - 72. Give w(10).
18
Let c(v) = 4*v**3 + 21*v**2 - 45*v + 8. Calculate c(2).
34
Let r(t) = -2*t**3 + 22*t**2 + t - 3. Calculate r(11).
8
Let i(l) = 139*l - 16259. Calculate i(117).
4
Let j(c) = -2*c**3 - 47*c**2 - 85*c - 422. What is j(-22)?
-4
Let c(i) = i**3 - 13*i**2 + 28*i - 392. Give c(13).
-28
Let h(y) = -45*y + 363. What is h(6)?
93
Let v(c) = c**3 - 27*c**2 + 21*c - 16. Give v(26).
-146
Let y(a) = 105*a**2 + 624*a - 19. Determine y(-6).
17
Let r(m) = 651*m - 644. Calculate r(1).
7
Let b(r) = 390*r - 60444. Determine b(155).
6
Let v(m) = 1714*m - 41130. Give v(24).
6
Let c(n) = -n**3 - 13*n**2 - 28*n - 25. Determine c(-10).
-45
Let q(n) = n**3 + 12*n**2 + 5*n - 19. Calculate q(-5).
131
Let w(t) = -9*t**2 + 66*t + 118. Give w(-2).
-50
Let i(x) = 110*x + 2565. Calculate i(-23).
35
Let p(z) = 14*z + 226. What is p(-13)?
44
Let w(g) = 39*g + 1595. Give w(-41).
-4
Let m(p) = 11*p**2 + 185*p + 299. Give m(-15).
-1
Let m(o) = o**2 - 54*o + 217. What is m(4)?
17
Let t(l) = 2*l**3 + 56*l**2 + 67*l - 10. Calculate t(-27).
-361
Let g(m) = 2*m**2 - 9*m - 43. Determine g(7).
-8
Let n(m) = -m**3 + 2*m**2 - 16*m - 15. What is n(9)?
-726
Let a(n) = n**3 + 16*n**2 + 21*n - 34. Determine a(-14).
64
Let w(p) = -p**2 - 49*p - 405. Calculate w(-11).
13
Let q(x) = -3*x**3 - 16*x**2 - 12*x - 10. What is q(-6)?
134
Let t(m) = -106*m - 1801. Calculate t(-17).
1
Let r(g) = -8*g**3 - 25*g**2 + 9*g + 25. Calculate r(-5).
355
Let t(o) = -10500*o + 10497. Give t(1).
-3
Let h(c) = 6776*c - 20322. What is h(3)?
6
Let j(p) = 24*p - 452. Calculate j(19).
4
Let w(a) = a**3 + 28*a**2 + 53*a - 10. Determine w(-26).
-36
Let l(p) = -7*p**2 + 9*p - 75. Determine l(6).
-273
Let b(s) = -s**3 - s**2 - 9*s + 105. Give b(4).
-11
Let w(p) = 102*p - 1120. Determine w(12).
104
Let l(y) = y**2 + 41*y + 334. Determine l(-29).
-14
Let w(d) = -234*d + 2891. Give w(12).
83
Let l(f) = f**3 - 13*f**2 - 7*f + 4. Determine l(13).
-87
Let l(q) = 2*q**2 + 179*q + 1079. Calculate l(-83).
0
Let c(x) = -x**2 + 26*x - 33. What is c(25)?
-8
Let j(x) = 61*x + 2110. Determine j(-34).
36
Let p(k) = -17*k + 700. Calculate p(37).
71
Let k(n) = -2*n**2 - 62*n + 32. Determine k(-32).
-32
Let d(b) = b**3 - 13*b**2 - 26*b + 35. Give d(15).
95
Let a(i) = -i**3 - 25*i**2 - 14*i - 355. Determine a(-25).
-5
Let s(w) = 412*w - 3751. Determine s(9).
-43
Let z(j) = -105*j + 563. What is z(7)?
-172
Let l(u) = -4*u**2 - 30*u + 8. What is l(-13)?
-278
Let o(m) = 2*m**3 + 77*m**2 - 43*m - 61. Give o(-39).
95
Let x(v) = 117*v**2 - 3153*v - 168. Give x(27).
-6
Let b(j) = -171*j - 19166. Give b(-112).
-14
Let u(w) = -674*w - 3367. What is u(-5)?
3
Let s(t) = -11*t**3 + 365*t**2 - 83*t + 68. Give s(33).
-493
Let o(h) = h**2 + 9*h - 3754. What is o(57)?
8
Let a(c) = -c**2 + 3*c + 149. Give a(-11).
-5
Let o(a) = -58*a**3 - 8*a**2 + 7*a + 3. What is o(1)?
-56
Let l(f) = 71*f + 443. Determine l(-5).
88
Let u(q) = q**3 - 15*q**2 + 7*q - 64. Give u(4).
-212
Let k(n) = -n**3 - 14*n**2 - 21*n - 4. What is k(-12)?
-40
Let v(f) = 3*f**3 - 44*f**2 - 15*f + 13. What is v(15)?
13
Let v(k) = -11*k**2 + 9*k - 276. What is v(0)?
-276
Let g(s) = -2*s**3 + 29*s**2 + 67*s - 3. What is g(14)?
1131
Let i(d) = d**3 + 8*d**2 - 261*d - 2044. What is i(-8)?
44
Let o(k) = k**3 - 48*k**2 - 105*k + 47. Determine o(50).
-203
Let g(l) = 608*l + 119772. Determine g(-197).
-4
Let y(w) = -w**2 - 70*w - 1094. Calculate y(-26).
50
Let u(z) = z**3 - 53*z**2 - 60*z + 330. Determine u(54).
6
Let l(z) = 447*z - 68837. Calculate l(154).
1
Let d(x) = 44*x - 439. Determine d(11).
45
Let y(f) = f**2 + 18*f - 66. Calculate y(-14).
-122
Let r(m) = 3*m**2 + 6*m - 37. What is r(-5)?
8
Let u(s) = s**2 - 146*s + 2337. Calculate u(18).
33
Let r(j) = -59*j + 2805. Calculate r(47).
32
Let i(x) = -58*x**2 - 6*x + 15. Calculate i(2).
-229
Let g(s) = s**3 - s**2 - 11*s - 8. Calculate g(0).
-8
Let t(r) = -r**3 - r**2 + 5*r - 16. What is t(0)?
-16
Let q(m) = -11*m - 361. Determine q(53).
-944
Let h(j) = -27*j**2 - 1625*j - 1624. What is h(-1)?
-26
Let x(u) = u**3 - u**2 - 24*u + 32. Calculate x(3).
-22
Let g(u) = -8*u**2 + 242*u + 942. Determine g(-4).
-154
Let s(x) = x**3 + 9*x**2 + 16*x + 142. What is s(-9)?
-2
Let p(k) = 3*k**2 - 14*k + 24. Calculate p(4).
16
Let a(l) = -23*l - 173. Determine a(-4).
-81
Let b(f) = 2316*f + 57901. Determine b(-25).
1
Let j(b) = 17*b**3 - 7*b**2 - b + 6. Give j(-1).
-17
Let l(t) = -1561*t + 59304. What is l(38)?
-14
Let p(r) = 71*r + 80. Calculate p(3).
293
Let k(c) = -c**3 + 17*c**2 - 34*c + 1360. Give k(19).
-8
Let r(t) = -23*t**2 - 41*t - 18. Calculate r(-6).
-600
Let s(u) = -11*u**3 + u**2 + 23*u + 22. Determine s(-1).
11
Let i(u) = -u**2 - 209*u - 7383. What is i(-164)?
-3
Let c(y) = -38*y + 415. Give c(11).
-3
Let n(o) = 2*o**2 - 92*o - 567. Determine n(52).
57
Let n(g) = 641*g - 8321. Calculate n(13).
12
Let r(s) = 6*s - 83. Calculate r(29).
91
Let k(c) = 12*c + 302. What is k(10)?
422
Let w(f) = -281*f + 3082. Determine w(11).
-9
Let y(m) = -4*m**2 - 12*m + 18. Give y(2).
-22
Let c(i) = -i**3 + 14*i**2 - 42*i + 39. Determine c(12).
-177
Let t(q) = -q**2 - 138*q + 5436. Determine t(32).
-4
Let a(z) = -113*z + 80. Give a(1).
-33
Let u(r) = -606*r + 39385. Calculate u(65).
-5
Let a(j) = 4*j**3 - 16*j**2 + 13*j - 37. Determine a(4).
15
Let o(m) = -8*m**2 + 51*m + 38. Give o(7).
3
Let r(k) = 2*k**2 - 38*k - 206. What is r(-5)?
34
Let c(v) = -v**3 + 2*v**2 + 3*v + 33. Determine c(0).
33
Let s(y) = 210*y + 3348. Determine s(-16).
-12
Let z(c) = -2*c**3 - 9*c**2 - 104*c - 392. Determine z(-4).
8
Let u(w) = w**3 + 21*w**2 - 47*w + 75. Calculate u(-23).
98
Let t(p) = -136*p + 971. Determine t(7).
19
Let f(t) = -3*t**2 - 35*t - 20. What is f(-11)?
2
Let k(v) = v**2 - 10*v - 48. Give k(19).
123
Let a(s) = -s**2 - 386*s - 18463. Calculate a(-56).
17
Let b(g) = -155*g - 544. Calculate b(-10).
1006
Let q(u) = 2*u**3 + 37*u**2 - 777*u - 60. Give q(-31).
2
Let a(q) = -q**2 + 150*q + 4996. Calculate a(-28).
12
Let d(o) = o**3 + 16*o**2 + 10*o - 17. Calculate d(-15).
58
Let i(v) = 52*v + 114. Determine i(9).
582
Let y(x) = -31*x**2 - 201*x - 17. Calculate y(-3).
307
Let i(s) = 92*s + 2754. What is i(-30)?
-6
Let j(v) = 2*v**2 - 375*v - 54050. Give j(283).
3
Let n(z) = 2*z**3 - 64*z**2 - 70*z + 130. What is n(33)?
-2
Let p(k) = -k**3 - 158*k - 319. Calculate p(-2).
5
Let d(f) = 6*f**3 - 191*f**2 - 38*f + 206. What is d(32)?
14
Let d(m) = m**2 + 132*m + 1955. Determine d(-17).
0
Let c(a) = 5*a**2 - 7*a - 1. Determine c(-8).
375
Let j(t) = 16*t**3 - t**2 + t + 1. Calculate j(1).
17
Let t(j) = j**2 - 749*j + 10308. Give t(14).
18
Let z(s) = -2801*s - 159658. Give z(-57).
-1
Let a(s) = -2*s**2 + 4*s + 245. Determine a(-12).
-91
Let j(s) = 2*s**2 - 28. Determine j(5).
22
Let v(q) = -q**2 - 40*q - 234. Give v(-33).
-3
Let x(p) = 3*p + 272. Determine x(-4).
260
Let g(l) = 34*l**2 - 443*l + 10. What is g(13)?
-3
Let i(p) = -2*p**2 + 26*p + 58. Give i(-2).
-2
Let t(p) = -22*p**2 + 38*p + 1. Give t(3).
-83
Let g(i) = -29*i - 414. Calculate g(-6).
-240
Let r(q) = 6*q**3 + 64*q**2 + 45*q + 54. Give r(-10).
4
Let h(n) = 31*n**2 + 617*n - 17. Calculate h(-20).
43
Let o(k) = -k**3 - 45*k**2 - 55*k - 490. What is o(-44)?
-6
Let n(t) = -9*t + 235. What is n(4)?
199
Let f(